Dec 02 09:23:08.908 INFO testing ArnaudValensi/vec-tree against master#8940af3cea4a9a9deabcaf843b2f8cad9a83fc61 for beta-1.31-5
Dec 02 09:23:08.908 INFO running `"docker" "create" "-v" "/mnt/big/crater/work/local/target-dirs/beta-1.31-5/worker-4/master#8940af3cea4a9a9deabcaf843b2f8cad9a83fc61:/target:rw,Z" "-v" "/mnt/big/crater/work/local/test-source/worker-4/beta-1.31-5/master#8940af3cea4a9a9deabcaf843b2f8cad9a83fc61:/source:ro,Z" "-v" "/mnt/big/crater/work/local/cargo-home:/cargo-home:ro,Z" "-v" "/mnt/big/crater/work/local/rustup-home:/rustup-home:ro,Z" "-e" "USER_ID=1000" "-e" "SOURCE_DIR=/source" "-e" "USER_ID=1000" "-e" "CMD=cargo +8940af3cea4a9a9deabcaf843b2f8cad9a83fc61-alt build --frozen" "-e" "CARGO_TARGET_DIR=/target" "-e" "CARGO_INCREMENTAL=0" "-e" "RUST_BACKTRACE=full" "-e" "RUSTFLAGS=--cap-lints=warn" "-e" "CARGO_HOME=/cargo-home" "-e" "RUSTUP_HOME=/rustup-home" "-m" "1536M" "--network" "none" "crater"`
Dec 02 09:23:09.470 INFO [stdout] eead5eb19223fea8bb8005a3e549c0497aa30f1c2ed332de070dfbb412c36823
Dec 02 09:23:09.479 INFO running `"docker" "start" "-a" "eead5eb19223fea8bb8005a3e549c0497aa30f1c2ed332de070dfbb412c36823"`
Dec 02 09:23:11.222 INFO [stderr] usermod: no changes
Dec 02 09:23:11.299 INFO [stderr]    Compiling generational-arena v0.2.0
Dec 02 09:23:12.216 INFO [stderr]    Compiling vec-tree v0.1.2 (/source)
Dec 02 09:23:13.015 INFO [stderr]     Finished dev [unoptimized + debuginfo] target(s) in 1.77s
Dec 02 09:23:13.015 INFO [stderr] su: No module specific data is present
Dec 02 09:23:14.152 INFO running `"docker" "inspect" "eead5eb19223fea8bb8005a3e549c0497aa30f1c2ed332de070dfbb412c36823"`
Dec 02 09:23:14.545 INFO running `"docker" "rm" "-f" "eead5eb19223fea8bb8005a3e549c0497aa30f1c2ed332de070dfbb412c36823"`
Dec 02 09:23:14.954 INFO [stdout] eead5eb19223fea8bb8005a3e549c0497aa30f1c2ed332de070dfbb412c36823
Dec 02 09:23:14.957 INFO running `"docker" "create" "-v" "/mnt/big/crater/work/local/target-dirs/beta-1.31-5/worker-4/master#8940af3cea4a9a9deabcaf843b2f8cad9a83fc61:/target:rw,Z" "-v" "/mnt/big/crater/work/local/test-source/worker-4/beta-1.31-5/master#8940af3cea4a9a9deabcaf843b2f8cad9a83fc61:/source:ro,Z" "-v" "/mnt/big/crater/work/local/cargo-home:/cargo-home:ro,Z" "-v" "/mnt/big/crater/work/local/rustup-home:/rustup-home:ro,Z" "-e" "USER_ID=1000" "-e" "SOURCE_DIR=/source" "-e" "USER_ID=1000" "-e" "CMD=cargo +8940af3cea4a9a9deabcaf843b2f8cad9a83fc61-alt test --frozen --no-run" "-e" "CARGO_TARGET_DIR=/target" "-e" "CARGO_INCREMENTAL=0" "-e" "RUST_BACKTRACE=full" "-e" "RUSTFLAGS=--cap-lints=warn" "-e" "CARGO_HOME=/cargo-home" "-e" "RUSTUP_HOME=/rustup-home" "-m" "1536M" "--network" "none" "crater"`
Dec 02 09:23:15.459 INFO [stdout] 52ba80ed80a4aa7cdd5edf77a2787a7d46618865c14d89e97042dbd67eeb660f
Dec 02 09:23:15.461 INFO running `"docker" "start" "-a" "52ba80ed80a4aa7cdd5edf77a2787a7d46618865c14d89e97042dbd67eeb660f"`
Dec 02 09:23:16.847 INFO [stderr] usermod: no changes
Dec 02 09:23:16.903 INFO [stderr]    Compiling vec-tree v0.1.2 (/source)
Dec 02 09:23:22.596 INFO [stderr]     Finished dev [unoptimized + debuginfo] target(s) in 5.73s
Dec 02 09:23:22.600 INFO [stderr] su: No module specific data is present
Dec 02 09:23:23.861 INFO running `"docker" "inspect" "52ba80ed80a4aa7cdd5edf77a2787a7d46618865c14d89e97042dbd67eeb660f"`
Dec 02 09:23:24.175 INFO running `"docker" "rm" "-f" "52ba80ed80a4aa7cdd5edf77a2787a7d46618865c14d89e97042dbd67eeb660f"`
Dec 02 09:23:24.407 INFO [stdout] 52ba80ed80a4aa7cdd5edf77a2787a7d46618865c14d89e97042dbd67eeb660f
Dec 02 09:23:24.413 INFO running `"docker" "create" "-v" "/mnt/big/crater/work/local/target-dirs/beta-1.31-5/worker-4/master#8940af3cea4a9a9deabcaf843b2f8cad9a83fc61:/target:rw,Z" "-v" "/mnt/big/crater/work/local/test-source/worker-4/beta-1.31-5/master#8940af3cea4a9a9deabcaf843b2f8cad9a83fc61:/source:ro,Z" "-v" "/mnt/big/crater/work/local/cargo-home:/cargo-home:ro,Z" "-v" "/mnt/big/crater/work/local/rustup-home:/rustup-home:ro,Z" "-e" "USER_ID=1000" "-e" "SOURCE_DIR=/source" "-e" "USER_ID=1000" "-e" "CMD=cargo +8940af3cea4a9a9deabcaf843b2f8cad9a83fc61-alt test --frozen" "-e" "CARGO_TARGET_DIR=/target" "-e" "CARGO_INCREMENTAL=0" "-e" "RUST_BACKTRACE=full" "-e" "RUSTFLAGS=--cap-lints=warn" "-e" "CARGO_HOME=/cargo-home" "-e" "RUSTUP_HOME=/rustup-home" "-m" "1536M" "--network" "none" "crater"`
Dec 02 09:23:24.948 INFO [stdout] 66fe3c930aecb509ca5ec445fb008ce493c6a9550f0dcc56ba992bc4b84b65b6
Dec 02 09:23:24.951 INFO running `"docker" "start" "-a" "66fe3c930aecb509ca5ec445fb008ce493c6a9550f0dcc56ba992bc4b84b65b6"`
Dec 02 09:23:26.127 INFO [stderr] usermod: no changes
Dec 02 09:23:26.167 INFO [stderr]     Finished dev [unoptimized + debuginfo] target(s) in 0.02s
Dec 02 09:23:26.171 INFO [stderr]      Running /target/debug/deps/vec_tree-5cc2fb51e93b3c08
Dec 02 09:23:26.179 INFO [stdout] 
Dec 02 09:23:26.179 INFO [stdout] running 0 tests
Dec 02 09:23:26.179 INFO [stdout] 
Dec 02 09:23:26.179 INFO [stdout] test result: ok. 0 passed; 0 failed; 0 ignored; 0 measured; 0 filtered out
Dec 02 09:23:26.179 INFO [stdout] 
Dec 02 09:23:26.183 INFO [stderr]      Running /target/debug/deps/readme-77c2184ae4e2b2b9
Dec 02 09:23:26.195 INFO [stdout] 
Dec 02 09:23:26.195 INFO [stdout] running 1 test
Dec 02 09:23:26.267 INFO [stdout] test cargo_readme_up_to_date ... FAILED
Dec 02 09:23:26.267 INFO [stderr] error: test failed, to rerun pass '--test readme'
Dec 02 09:23:26.267 INFO [stdout] 
Dec 02 09:23:26.267 INFO [stderr] su: No module specific data is present
Dec 02 09:23:26.267 INFO [stdout] failures:
Dec 02 09:23:26.267 INFO [stdout] 
Dec 02 09:23:26.267 INFO [stdout] ---- cargo_readme_up_to_date stdout ----
Dec 02 09:23:26.267 INFO [stdout] Checking that `cargo readme > README.md` is up to date...
Dec 02 09:23:26.267 INFO [stdout] thread 'cargo_readme_up_to_date' panicked at 'Run `cargo readme > README.md` to update README.md', tests/readme.rs:27:9
Dec 02 09:23:26.267 INFO [stdout] stack backtrace:
Dec 02 09:23:26.267 INFO [stdout]    0:     0x55d216a57bff - std::sys::unix::backtrace::tracing::imp::unwind_backtrace::h3a8b83e1922cbdde
Dec 02 09:23:26.267 INFO [stdout]                                at libstd/sys/unix/backtrace/tracing/gcc_s.rs:49
Dec 02 09:23:26.267 INFO [stdout]    1:     0x55d216a64407 - std::sys_common::backtrace::print::h00d3155a29b4020f
Dec 02 09:23:26.267 INFO [stdout]                                at libstd/sys_common/backtrace.rs:71
Dec 02 09:23:26.267 INFO [stdout]                                at libstd/sys_common/backtrace.rs:59
Dec 02 09:23:26.267 INFO [stdout]    2:     0x55d216a5cfbf - std::panicking::default_hook::{{closure}}::hd7465c742e79e1bb
Dec 02 09:23:26.267 INFO [stdout]                                at libstd/panicking.rs:211
Dec 02 09:23:26.267 INFO [stdout]    3:     0x55d216a5ccbe - std::panicking::default_hook::h9e3966f2aa2a6e12
Dec 02 09:23:26.267 INFO [stdout]                                at libstd/panicking.rs:221
Dec 02 09:23:26.267 INFO [stdout]    4:     0x55d216a5d69e - std::panicking::rust_panic_with_hook::h587f091ae747d080
Dec 02 09:23:26.267 INFO [stdout]                                at libstd/panicking.rs:476
Dec 02 09:23:26.267 INFO [stdout]    5:     0x55d2169fef53 - std::panicking::begin_panic::hc6eebdeea25d98a4
Dec 02 09:23:26.267 INFO [stdout]                                at libstd/panicking.rs:410
Dec 02 09:23:26.267 INFO [stdout]    6:     0x55d2169fe78d - readme::cargo_readme_up_to_date::h902ff90932651840
Dec 02 09:23:26.267 INFO [stdout]                                at tests/readme.rs:27
Dec 02 09:23:26.267 INFO [stdout]    7:     0x55d2169fe4c9 - readme::cargo_readme_up_to_date::{{closure}}::h87ac895cc769b2fa
Dec 02 09:23:26.267 INFO [stdout]                                at tests/readme.rs:6
Dec 02 09:23:26.267 INFO [stdout]    8:     0x55d2169fcdbd - core::ops::function::FnOnce::call_once::h2cf204dc35ad53c7
Dec 02 09:23:26.267 INFO [stdout]                                at libcore/ops/function.rs:238
Dec 02 09:23:26.267 INFO [stdout]    9:     0x55d216a0758e - <F as alloc::boxed::FnBox<A>>::call_box::hac903f91577a156c
Dec 02 09:23:26.267 INFO [stdout]                                at libtest/lib.rs:1468
Dec 02 09:23:26.267 INFO [stdout]                                at libcore/ops/function.rs:238
Dec 02 09:23:26.267 INFO [stdout]                                at liballoc/boxed.rs:672
Dec 02 09:23:26.267 INFO [stdout]   10:     0x55d216a6f3b9 - __rust_maybe_catch_panic
Dec 02 09:23:26.267 INFO [stdout]                                at libpanic_unwind/lib.rs:102
Dec 02 09:23:26.267 INFO [stdout]   11:     0x55d216a291e2 - std::sys_common::backtrace::__rust_begin_short_backtrace::hb8f0d0309526c184
Dec 02 09:23:26.267 INFO [stdout]                                at libstd/panicking.rs:289
Dec 02 09:23:26.268 INFO [stdout]                                at libstd/panic.rs:392
Dec 02 09:23:26.268 INFO [stdout]                                at libtest/lib.rs:1423
Dec 02 09:23:26.268 INFO [stdout]                                at libstd/sys_common/backtrace.rs:136
Dec 02 09:23:26.268 INFO [stdout]   12:     0x55d216a29c94 - std::panicking::try::do_call::hc2f7c8b9a348d8db
Dec 02 09:23:26.268 INFO [stdout]                                at libstd/thread/mod.rs:409
Dec 02 09:23:26.268 INFO [stdout]                                at libstd/panic.rs:313
Dec 02 09:23:26.268 INFO [stdout]                                at libstd/panicking.rs:310
Dec 02 09:23:26.268 INFO [stdout]   13:     0x55d216a6f3b9 - __rust_maybe_catch_panic
Dec 02 09:23:26.268 INFO [stdout]                                at libpanic_unwind/lib.rs:102
Dec 02 09:23:26.268 INFO [stdout]   14:     0x55d216a16ecc - <F as alloc::boxed::FnBox<A>>::call_box::h6bfded618e480b32
Dec 02 09:23:26.268 INFO [stdout]                                at libstd/panicking.rs:289
Dec 02 09:23:26.268 INFO [stdout]                                at libstd/panic.rs:392
Dec 02 09:23:26.268 INFO [stdout]                                at libstd/thread/mod.rs:408
Dec 02 09:23:26.268 INFO [stdout]                                at liballoc/boxed.rs:672
Dec 02 09:23:26.268 INFO [stdout]   15:     0x55d216a5a04d - std::sys_common::thread::start_thread::h4c28257d67cdf9cb
Dec 02 09:23:26.268 INFO [stdout]                                at liballoc/boxed.rs:682
Dec 02 09:23:26.268 INFO [stdout]                                at libstd/sys_common/thread.rs:24
Dec 02 09:23:26.268 INFO [stdout]   16:     0x55d216a4d125 - std::sys::unix::thread::Thread::new::thread_start::hfecb2e7eff8fd34f
Dec 02 09:23:26.268 INFO [stdout]                                at libstd/sys/unix/thread.rs:90
Dec 02 09:23:26.268 INFO [stdout]   17:     0x7fa5d43576b9 - start_thread
Dec 02 09:23:26.268 INFO [stdout]   18:     0x7fa5d3e7741c - clone
Dec 02 09:23:26.268 INFO [stdout]   19:                0x0 - <unknown>
Dec 02 09:23:26.268 INFO [stdout] 
Dec 02 09:23:26.268 INFO [stdout] 
Dec 02 09:23:26.268 INFO [stdout] failures:
Dec 02 09:23:26.268 INFO [stdout]     cargo_readme_up_to_date
Dec 02 09:23:26.268 INFO [stdout] 
Dec 02 09:23:26.268 INFO [stdout] test result: FAILED. 0 passed; 1 failed; 0 ignored; 0 measured; 0 filtered out
Dec 02 09:23:26.268 INFO [stdout] 
Dec 02 09:23:27.409 INFO running `"docker" "inspect" "66fe3c930aecb509ca5ec445fb008ce493c6a9550f0dcc56ba992bc4b84b65b6"`
Dec 02 09:23:27.766 INFO running `"docker" "rm" "-f" "66fe3c930aecb509ca5ec445fb008ce493c6a9550f0dcc56ba992bc4b84b65b6"`
Dec 02 09:23:28.095 INFO [stdout] 66fe3c930aecb509ca5ec445fb008ce493c6a9550f0dcc56ba992bc4b84b65b6
